 = -902 - f. Calculate the greatest common divisor of z and 26.
26
Let r be (-6 - 13)/(-1 + 2). Let n(k) = k**3 + 19*k**2 - 8*k - 8. Let o be n(r). Calculate the highest common divisor of o and 18.
18
Suppose -162*n + 149*n + 130 = 0. Calculate the greatest common divisor of 850 and n.
10
Let p(w) = -w**3 - 2*w**2 + 2. Let q(j) = 5 + j + 2 - 3 - 1. Let x be q(-7). Let a be p(x). What is the highest common divisor of 51 and a?
17
Suppose t - 71 = 3*p, -2*t + 3*p - 45 = -199. Let l = 91 - t. What is the highest common factor of 32 and l?
8
Suppose -26 - 34 = -2*i. Suppose t + w - 4*w = i, 3*t = 2*w + 55. What is the highest common divisor of 6 and t?
3
Let y = -787 + 2282. Calculate the highest common divisor of y and 115.
115
Suppose 0 = -60*p - 38 + 878. What is the greatest common factor of p and 1561?
7
Let u be 881 - 86 - (-9 - 1). What is the greatest common divisor of 70 and u?
35
Let z(t) = t**2 - 11*t + 14. Let n = 25 - 15. Let p be z(n). What is the greatest common divisor of 16 and p?
4
Suppose 3*c - 4*i = 375, -182 + 796 = 5*c - 3*i. Let m = 20 + -9. Calculate the highest common factor of m and c.
11
Let l be -4 + 8 + 1 + 0/(-5). Let w(y) = -y**3 + 0 + 6 - 5*y + 6*y**2 + 1. Let q be w(l). What is the greatest common factor of q and 21?
7
Let h(p) = -2*p + 27. Let d be h(0). Calculate the highest common divisor of 459 and d.
27
Suppose -5*x + 74 = -6. Suppose 4*t = -z - 6 - 1, 5*z + t = 3. Calculate the greatest common factor of z and x.
1
Let u be 20/((-4)/(-2))*2. Let r be (5 - (-19)/(-5))/((-3)/(-10)). Suppose 5*o = r*h + 28, -2*o = -0*o - h - 10. Calculate the highest common factor of o and u.
4
Let u = -56 + 140. Suppose -4*x - 2*x + 354 = 0. Let w = x - 47. What is the greatest common factor of u and w?
12
Suppose 4*h - 2*t - 135 - 79 = 0, -5*h + 4*t + 260 = 0. Let c be ((-4)/(-8))/(2/h). Suppose 9*n + 11 = 137. Calculate the greatest common factor of n and c.
14
Let o be 2*84/(-8)*-15. Calculate the greatest common divisor of o and 70.
35
Let z = -448 - -523. Calculate the greatest common factor of z and 150.
75
Suppose 63 = 4*h - 117. Suppose -h = -3*d - 12. Let l be (-9)/12 - (-14)/((-336)/(-2130)). Calculate the greatest common factor of l and d.
11
Let l = -232 - -244. Calculate the highest common divisor of l and 96.
12
Suppose 0 = 4*y + 2*x - 10, 6*y - 4*x - 45 = y. Suppose -y*k + 45 = -55. Let i = -4 - -9. What is the greatest common factor of k and i?
5
Suppose -3*c + 31 = u - 23, 4*u = -4*c + 200. Suppose -u = -r - r. Let l(g) = -g + 3. Let k be l(-3). Calculate the highest common factor of k and r.
6
Suppose -2*v - 49 = -1. Let f = v + 35. What is the highest common factor of f and 121?
11
Let c be 20 + (0 - -12) + (-4)/2. What is the highest common divisor of c and 810?
30
Let y be -27 - -2 - (0 + 2). Let o = y - -45. What is the highest common factor of 6 and o?
6
Let m = 367 + -87. Calculate the highest common divisor of m and 40.
40
Let t = -12 + -31. Let j = -144 - -291. Let p = j + t. What is the greatest common factor of 26 and p?
26
Suppose 471 = 75*d - 504. Suppose 0 = -2*u + u + 143. What is the greatest common factor of d and u?
13
Let m be 3/(29268/3249 + -9). What is the highest common factor of 57 and m?
19
Let a = 2333 - 2305. What is the highest common factor of a and 92?
4
Suppose -3*w = -5*w + 1408. Suppose 0*k = -8*k + w. What is the greatest common factor of k and 11?
11
Let z = 378 - 140. What is the greatest common factor of z and 102?
34
Suppose -4*x = -4*g + 16, -g - 11 + 0 = -4*x. Let i = 9 - g. Suppose -4 = -4*v - i. Calculate the greatest common divisor of 1 and v.
1
Let n be 84/(-7)*11/(-3). Let a = 36 + n. What is the greatest common divisor of 16 and a?
16
Suppose -4*o = -m - 63 - 32, -2*o - m = -43. Suppose 4*f = o + 13. Suppose 3*h + 6*g = g + 29, -h - g + 13 = 0. Calculate the highest common divisor of f and h.
9
Let c = -7 - -18. Let n = 67 - c. Calculate the highest common divisor of 14 and n.
14
Let a(l) = l**3 - 8*l**2 - 11*l + 21. Let z be a(9). Let t be ((-14)/z)/(((-12)/(-198))/(-1)). Calculate the greatest common divisor of 11 and t.
11
Let v = 203 - 185. What is the highest common factor of v and 30?
6
Suppose 0 = -195*t + 178*t + 2006. What is the highest common divisor of t and 531?
59
Let l(u) = 142*u - 828. Let m be l(6). Calculate the greatest common divisor of m and 416.
8
Let j be (6 - 6)/(2 + 0). Suppose j*k = 5*k - 10. Suppose m = y + 2, -m - 2 = k*y - 13. Calculate the highest common divisor of y and 12.
3
Let q = 202 + -189. Suppose 4*j + 0*j + 16 = 0, 2*f + 3*j = 14. Calculate the highest common divisor of q and f.
13
Suppose -5*j + 490 + 190 = 0. What is the highest common divisor of 34 and j?
34
Let n(p) = p + 1. Let w be n(-7). Let j be 368/20 + w/(-10). Calculate the highest common divisor of 38 and j.
19
Let c be 560/(-105)*(-39)/2. What is the highest common divisor of c and 65?
13
Let z be (2 - 6)/((-2)/6). Suppose 3*g = 7*g + 3*h - 16, -h + 4 = g. What is the greatest common divisor of g and z?
4
Let r be (152/(-32))/(1*2/(-8)). Calculate the highest common factor of r and 1197.
19
Let p = 644 - 575. What is the greatest common divisor of 92 and p?
23
Suppose 13*z = 16*z - 6. Suppose z*j - 7*j = 3*a - 911, 2*j - 8 = 0. Let l be 23 - (-1 + -1) - -2. Calculate the highest common factor of l and a.
27
Let u = -34 + 35. Suppose 0 = -3*f + 50 + u. What is the greatest common factor of 136 and f?
17
Let p be (54/1)/((-36)/(-3072)). Calculate the highest common factor of 18 and p.
18
Suppose d = 2*f + 1510, 0 = 2*d - f - 0*f - 3017. What is the greatest common divisor of d and 29?
29
Let y = -129 + 301. Suppose 8*f + y = 492. What is the highest common divisor of f and 16?
8
Let b(r) = -19*r + 127. Let j be b(6). Calculate the greatest common divisor of 169 and j.
13
Suppose -n + 4660 + 3759 = 5*g, 2*g - 2*n = 3358. What is the highest common divisor of g and 99?
99
Let o = 134 - 95. Let b be 1/(2/(-6)*(-3)/1). Let k be (0 + -1)/(81/(-78) + b). What is the greatest common divisor of k and o?
13
Suppose -278 = -2*c + 4*a, 5*c + 3*a - 546 = 188. Let d(u) = -4*u + 14. Let k be d(-11). What is the greatest common factor of k and c?
29
Let y(n) = -6*n - 38. Let q be y(-10). Suppose q*c = 13*c + 45. Let p = 2 + -1. What is the greatest common divisor of p and c?
1
Suppose -p + 9 - 4 = 0. Suppose -4*z + 6*z = p*u - 98, 85 = 4*u + 5*z. Calculate the highest common factor of 40 and u.
20
Suppose 37 = k + 36. Let n be 13*k/(-3)*-3. Calculate the highest common divisor of 13 and n.
13
Suppose -2*y + 0*z = -3*z - 34, -5*y + 62 = 4*z. Suppose w + 4*w - 152 = -2*j, 5*w + 5*j = 170. What is the highest common factor of w and y?
14
Suppose 365*h - 351*h - 308 = 0. Calculate the greatest common divisor of 462 and h.
22
Suppose 5*f - 15 - 25 = 0. Let x be (f/10)/(1/25). What is the greatest common divisor of 8 and x?
4
Suppose -2*s - 60 + 96 = 0. Let r be 163 - 0/(-3) - 1. What is the greatest common divisor of r and s?
18
Let s = -760 + 796. Calculate the highest common factor of 12 and s.
12
Suppose -3*b - 4*k + 1144 = 0, 2*k + 441 = b + 53. Calculate the greatest common factor of 288 and b.
96
Let h = 935 - -281. Calculate the highest common factor of h and 128.
64
Suppose 0 = -3*o + 2*o - 5, 0 = -x - 2*o - 16. Let p be 44/(-6)*9/x. Let u be (78 + -12 - 11) + (2 - 2). Calculate the greatest common divisor of p and u.
11
Let q = -235 + 265. Calculate the highest common factor of 40 and q.
10
Let w be -7*(-5)/(-35)*-26. What is the highest common factor of 26 and w?
26
Let b be (-150)/((-39)/(-104) - (-25)/(-24)). Calculate the greatest common divisor of b and 18.
9
Suppose -2*z + 45 = -63. Let b(x) = x**2 + 5*x + 40. Let j be b(-16). Calculate the greatest common factor of z and j.
54
Let m = 13 + 1. Let j = 26 + m. Let n(l) = -l**2 + 9*l + 5. Let d be n(9). What is the greatest common factor of d and j?
5
Suppose -4*n + 4*t - 102 = -6*n, -3*n + 5*t = -120. Let a = 36 + -33. Suppose -a*k = -25 - 2. Calculate the highest common divisor of k and n.
9
Let s be (3 - 2 - 0)*-25. Let w = s - -18. Let m be (-16)/(-28) + (-122)/w. What is the greatest common divisor of m and 27?
9
Let f be (35 + 4 - 0) + 6 + -3. Calculate the highest common divisor of 98 and f.
14
Let g(m) be the fi